{"id":7,"date":"2021-11-10T19:40:26","date_gmt":"2021-11-10T18:40:26","guid":{"rendered":"https:\/\/www.djdavid.sk\/?page_id=7"},"modified":"2022-01-03T10:22:50","modified_gmt":"2022-01-03T09:22:50","slug":"home","status":"publish","type":"page","link":"https:\/\/www.djdavid.sk\/","title":{"rendered":"Home"},"content":{"rendered":"\n<div class=\"wp-block-cover alignfull has-background-dim-20 has-neve-link-color-background-color has-background-dim\" style=\"min-height:789px\"><img loading=\"lazy\" width=\"2560\" height=\"1709\" class=\"wp-block-cover__image-background wp-image-51\" alt=\"\" src=\"https:\/\/www.djdavid.sk\/wp-content\/uploads\/2021\/11\/pexels-emma-bauso-2253870-scaled.jpg\" data-object-fit=\"cover\" srcset=\"https:\/\/www.djdavid.sk\/wp-content\/uploads\/2021\/11\/pexels-emma-bauso-2253870-scaled.jpg 2560w, https:\/\/www.djdavid.sk\/wp-content\/uploads\/2021\/11\/pexels-emma-bauso-2253870-300x200.jpg 300w, https:\/\/www.djdavid.sk\/wp-content\/uploads\/2021\/11\/pexels-emma-bauso-2253870-1024x684.jpg 1024w, https:\/\/www.djdavid.sk\/wp-content\/uploads\/2021\/11\/pexels-emma-bauso-2253870-768x513.jpg 768w, https:\/\/www.djdavid.sk\/wp-content\/uploads\/2021\/11\/pexels-emma-bauso-2253870-1536x1025.jpg 1536w, https:\/\/www.djdavid.sk\/wp-content\/uploads\/2021\/11\/pexels-emma-bauso-2253870-2048x1367.jpg 2048w, https:\/\/www.djdavid.sk\/wp-content\/uploads\/2021\/11\/pexels-emma-bauso-2253870-930x620.jpg 930w\" sizes=\"(max-width: 2560px) 100vw, 2560px\" \/><div class=\"wp-block-cover__inner-container\">\n<div style=\"height:80px\" aria-hidden=\"true\" class=\"wp-block-spacer\"><\/div>\n\n\n\n<h1 class=\"has-text-align-center has-text-color\" style=\"color:#121212\"><span class=\"has-inline-color has-nv-site-bg-color\">Tento de\u0148 si Va\u0161i hostia zapam\u00e4taj\u00fa<\/span><\/h1>\n\n\n\n<p class=\"has-text-align-center has-nv-site-bg-color has-text-color\" style=\"font-size:17px\">Vol\u00e1m sa D\u00e1vid a p<span class=\"has-inline-color has-nv-site-bg-color\">on\u00fakam DJske, moder\u00e1torsk\u00e9,  osvet\u013eovacie a zvuk\u00e1rske slu\u017eby<\/span><br><span class=\"has-inline-color has-nv-site-bg-color\">na svadobn\u00e9 hostiny,<span class=\"has-inline-color has-nv-site-bg-color\"> rodinn\u00e9 oslavy, firemn\u00e9 ve\u010dierky \u010di stu\u017ekov\u00e9.<\/span><\/span><\/p>\n\n\n\n<div class=\"wp-block-buttons is-content-justification-center\">\n<div class=\"wp-block-button is-style-primary\"><a class=\"wp-block-button__link\" href=\"https:\/\/www.djdavid.sk\/?pagename=contact\">KONTAKT<\/a><\/div>\n\n\n\n<div class=\"wp-block-button is-style-secondary\"><a class=\"wp-block-button__link\" href=\"https:\/\/www.djdavid.sk\/?page_id=10\">FOTOGAL\u00c9RIA<\/a><\/div>\n<\/div>\n<\/div><\/div>\n\n\n\n<div style=\"height:80px\" aria-hidden=\"true\" class=\"wp-block-spacer\"><\/div>\n\n\n\n<div class=\"wp-block-columns\">\n<div class=\"wp-block-column\">\n<div class=\"wp-block-image icon-style is-style-default\"><figure class=\"aligncenter is-resized\"><img loading=\"lazy\" src=\"https:\/\/www.djdavid.sk\/wp-content\/themes\/neve\/assets\/img\/starter-content\/icon-03.svg\" alt=\"\" width=\"48\" height=\"48\"\/><\/figure><\/div>\n\n\n\n<h3 class=\"has-text-align-center has-neve-text-color-color has-text-color\">Pevn\u00e9 ceny<\/h3>\n\n\n\n<p class=\"has-text-align-center\">Nemus\u00edte sa ob\u00e1va\u0165 dodato\u010dn\u00fdch pr\u00edplatkov za nedohodnut\u00e9 z\u00e1le\u017eitosti. <\/p>\n<\/div>\n\n\n\n<div class=\"wp-block-column\">\n<div class=\"wp-block-image icon-style is-style-default\"><figure class=\"aligncenter is-resized\"><img loading=\"lazy\" src=\"https:\/\/www.djdavid.sk\/wp-content\/themes\/neve\/assets\/img\/starter-content\/icon-02.svg\" alt=\"\" width=\"48\" height=\"48\"\/><\/figure><\/div>\n\n\n\n<h3 class=\"has-text-align-center has-neve-text-color-color has-text-color\">Tu ide o V\u00e1s<\/h3>\n\n\n\n<p class=\"has-text-align-center\">Nikdy neupozor\u0148ujem na m\u00f4j v\u00fdkon.<br>V\u0161etku pozorno\u0165 nech\u00e1vam V\u00e1m. <\/p>\n<\/div>\n\n\n\n<div class=\"wp-block-column\">\n<div class=\"wp-block-image icon-style is-style-rounded\"><figure class=\"aligncenter is-resized\"><img loading=\"lazy\" src=\"https:\/\/www.djdavid.sk\/wp-content\/themes\/neve\/assets\/img\/starter-content\/icon-01.svg\" alt=\"\" width=\"48\" height=\"48\"\/><\/figure><\/div>\n\n\n\n<h3 class=\"has-text-align-center has-neve-text-color-color has-text-color\">V\u017edy na \u010das<\/h3>\n\n\n\n<p class=\"has-text-align-center\">Ke\u010f pr\u00eddete do s\u00e1ly, v\u0161etko bude nachystan\u00e9 pod\u013ea na\u0161ej dohody.  <br><\/p>\n<\/div>\n<\/div>\n\n\n\n<hr class=\"wp-block-separator has-text-color has-background has-nv-light-bg-background-color has-nv-light-bg-color is-style-default\"\/>\n\n\n\n<div class=\"wp-block-cover alignfull has-nv-site-bg-background-color has-background-dim\" style=\"min-height:740px\"><div class=\"wp-block-cover__inner-container\">\n<div class=\"wp-block-group\"><div class=\"wp-block-group__inner-container\">\n<div class=\"wp-block-columns\">\n<div class=\"wp-block-column is-vertically-aligned-center\" style=\"flex-basis:50%\">\n<p><\/p>\n\n\n\n<h2 class=\"has-text-align-center has-neve-text-color-color has-text-color\">Vol\u00e1m sa D\u00e1vid<\/h2>\n\n\n\n<p class=\"has-text-align-center has-neve-text-color-color has-text-color\" style=\"font-size:17px\">Som man\u017eel, otec a mojou ve\u013ekou v\u00e1\u0161\u0148ou je hudba a sveteln\u00e1 technika. V roku 2019 som sa rozhodol naplno uchopi\u0165 svojho sna &#8211; zab\u00e1va\u0165 \u013eud\u00ed dobrou hudbou v dokonale nasvietenom prostred\u00ed.<\/p>\n\n\n\n<div class=\"wp-block-buttons is-content-justification-center\">\n<div class=\"wp-block-button is-style-primary\"><a class=\"wp-block-button__link\" href=\"https:\/\/www.djdavid.sk\/?pagename=contact\">S \u010c\u00cdM V\u00c1M M\u00d4\u017dEM POM\u00d4C\u0164?<\/a><\/div>\n<\/div>\n\n\n\n<div style=\"height:40px\" aria-hidden=\"true\" class=\"wp-block-spacer\"><\/div>\n\n\n\n<p><\/p>\n<\/div>\n\n\n\n<div class=\"wp-block-column is-vertically-aligned-center\" style=\"flex-basis:50%\">\n<figure class=\"wp-block-image size-large\"><img loading=\"lazy\" width=\"1024\" height=\"1024\" src=\"https:\/\/www.djdavid.sk\/wp-content\/uploads\/2021\/11\/98175010_103509038043586_8524361711384264704_n-1024x1024.jpg\" alt=\"\" class=\"wp-image-76\" srcset=\"https:\/\/www.djdavid.sk\/wp-content\/uploads\/2021\/11\/98175010_103509038043586_8524361711384264704_n-1024x1024.jpg 1024w, https:\/\/www.djdavid.sk\/wp-content\/uploads\/2021\/11\/98175010_103509038043586_8524361711384264704_n-300x300.jpg 300w, https:\/\/www.djdavid.sk\/wp-content\/uploads\/2021\/11\/98175010_103509038043586_8524361711384264704_n-150x150.jpg 150w, https:\/\/www.djdavid.sk\/wp-content\/uploads\/2021\/11\/98175010_103509038043586_8524361711384264704_n-768x768.jpg 768w, https:\/\/www.djdavid.sk\/wp-content\/uploads\/2021\/11\/98175010_103509038043586_8524361711384264704_n.jpg 1200w\" sizes=\"(max-width: 1024px) 100vw, 1024px\" \/><\/figure>\n<\/div>\n<\/div>\n\n\n\n<p><\/p>\n<\/div><\/div>\n<\/div><\/div>\n\n\n\n<hr class=\"wp-block-separator has-text-color has-background has-nv-light-bg-background-color has-nv-light-bg-color\"\/>\n\n\n\n<h2 class=\"has-text-align-center has-neve-link-color-color has-text-color\"><br>Ste pripraven\u00ed na Va\u0161u kr\u00e1snu oslavu?<\/h2>\n\n\n\n<p class=\"has-text-align-center has-neve-link-color-color has-text-color\">Len si to predstavte: Tane\u010dn\u00e9 hity bud\u00fa znie\u0165 z profesion\u00e1lnych reproduktorov. Zvuk bude prisp\u00f4soben\u00fd tvaru a ve\u013ekosti s\u00e1ly. Steny s\u00e1ly bud\u00fa ozdobova\u0165 bodov\u00e9 farebn\u00e9 svetl\u00e1, strop bude \u017eiari\u0165 mili\u00f3nmi l\u00fa\u010dov a tane\u010dn\u00fd parket napln\u00ed extra d\u00e1vka prekr\u00e1snych sveteln\u00fdch efektov. V\u010faka mojej technike si m\u00f4\u017eete u\u017ei\u0165 napr\u00edklad aj V\u00e1\u0161 svadobn\u00fd tanec v oblakoch. Samozrejme nem\u00f4\u017eeme zabudn\u00fa\u0165 na prenosn\u00e9 mikrof\u00f3ny, mo\u017enos\u0165 zapojenia kapely, parostroj, \u010di bublinkostroj pre t\u00fa najlep\u0161iu z\u00e1bavu.  <\/p>\n\n\n\n<figure class=\"wp-block-gallery columns-3 is-cropped\"><ul class=\"blocks-gallery-grid\"><li class=\"blocks-gallery-item\"><figure><a href=\"https:\/\/www.djdavid.sk\/wp-content\/uploads\/2021\/11\/239983754_369026254825195_6744572627941999381_n.jpg\"><img loading=\"lazy\" width=\"1440\" height=\"1440\" src=\"https:\/\/www.djdavid.sk\/wp-content\/uploads\/2021\/11\/239983754_369026254825195_6744572627941999381_n.jpg\" alt=\"\" data-id=\"43\" data-full-url=\"https:\/\/www.djdavid.sk\/wp-content\/uploads\/2021\/11\/239983754_369026254825195_6744572627941999381_n.jpg\" data-link=\"https:\/\/www.djdavid.sk\/?attachment_id=43\" class=\"wp-image-43\" srcset=\"https:\/\/www.djdavid.sk\/wp-content\/uploads\/2021\/11\/239983754_369026254825195_6744572627941999381_n.jpg 1440w, https:\/\/www.djdavid.sk\/wp-content\/uploads\/2021\/11\/239983754_369026254825195_6744572627941999381_n-300x300.jpg 300w, https:\/\/www.djdavid.sk\/wp-content\/uploads\/2021\/11\/239983754_369026254825195_6744572627941999381_n-1024x1024.jpg 1024w, https:\/\/www.djdavid.sk\/wp-content\/uploads\/2021\/11\/239983754_369026254825195_6744572627941999381_n-150x150.jpg 150w, https:\/\/www.djdavid.sk\/wp-content\/uploads\/2021\/11\/239983754_369026254825195_6744572627941999381_n-768x768.jpg 768w\" sizes=\"(max-width: 1440px) 100vw, 1440px\" \/><\/a><\/figure><\/li><li class=\"blocks-gallery-item\"><figure><a href=\"https:\/\/www.djdavid.sk\/wp-content\/uploads\/2021\/11\/101713248_117853079942515_8781339410114281472_n.jpg\"><img loading=\"lazy\" width=\"2048\" height=\"1365\" src=\"https:\/\/www.djdavid.sk\/wp-content\/uploads\/2021\/11\/101713248_117853079942515_8781339410114281472_n.jpg\" alt=\"\" data-id=\"87\" data-full-url=\"https:\/\/www.djdavid.sk\/wp-content\/uploads\/2021\/11\/101713248_117853079942515_8781339410114281472_n.jpg\" data-link=\"https:\/\/www.djdavid.sk\/?attachment_id=87\" class=\"wp-image-87\" srcset=\"https:\/\/www.djdavid.sk\/wp-content\/uploads\/2021\/11\/101713248_117853079942515_8781339410114281472_n.jpg 2048w, https:\/\/www.djdavid.sk\/wp-content\/uploads\/2021\/11\/101713248_117853079942515_8781339410114281472_n-300x200.jpg 300w, https:\/\/www.djdavid.sk\/wp-content\/uploads\/2021\/11\/101713248_117853079942515_8781339410114281472_n-1024x683.jpg 1024w, https:\/\/www.djdavid.sk\/wp-content\/uploads\/2021\/11\/101713248_117853079942515_8781339410114281472_n-768x512.jpg 768w, https:\/\/www.djdavid.sk\/wp-content\/uploads\/2021\/11\/101713248_117853079942515_8781339410114281472_n-1536x1024.jpg 1536w, https:\/\/www.djdavid.sk\/wp-content\/uploads\/2021\/11\/101713248_117853079942515_8781339410114281472_n-930x620.jpg 930w\" sizes=\"(max-width: 2048px) 100vw, 2048px\" \/><\/a><\/figure><\/li><li class=\"blocks-gallery-item\"><figure><a href=\"https:\/\/www.djdavid.sk\/wp-content\/uploads\/2021\/11\/118379143_155500556177767_3478928940098321021_n.jpg\"><img loading=\"lazy\" width=\"1440\" height=\"1440\" src=\"https:\/\/www.djdavid.sk\/wp-content\/uploads\/2021\/11\/118379143_155500556177767_3478928940098321021_n.jpg\" alt=\"\" data-id=\"80\" data-full-url=\"https:\/\/www.djdavid.sk\/wp-content\/uploads\/2021\/11\/118379143_155500556177767_3478928940098321021_n.jpg\" data-link=\"https:\/\/www.djdavid.sk\/?attachment_id=80\" class=\"wp-image-80\" srcset=\"https:\/\/www.djdavid.sk\/wp-content\/uploads\/2021\/11\/118379143_155500556177767_3478928940098321021_n.jpg 1440w, https:\/\/www.djdavid.sk\/wp-content\/uploads\/2021\/11\/118379143_155500556177767_3478928940098321021_n-300x300.jpg 300w, https:\/\/www.djdavid.sk\/wp-content\/uploads\/2021\/11\/118379143_155500556177767_3478928940098321021_n-1024x1024.jpg 1024w, https:\/\/www.djdavid.sk\/wp-content\/uploads\/2021\/11\/118379143_155500556177767_3478928940098321021_n-150x150.jpg 150w, https:\/\/www.djdavid.sk\/wp-content\/uploads\/2021\/11\/118379143_155500556177767_3478928940098321021_n-768x768.jpg 768w\" sizes=\"(max-width: 1440px) 100vw, 1440px\" \/><\/a><\/figure><\/li><li class=\"blocks-gallery-item\"><figure><a href=\"https:\/\/www.djdavid.sk\/wp-content\/uploads\/2021\/11\/103751795_124070435987446_242129516420462827_n.jpg\"><img loading=\"lazy\" width=\"1440\" height=\"1800\" src=\"https:\/\/www.djdavid.sk\/wp-content\/uploads\/2021\/11\/103751795_124070435987446_242129516420462827_n.jpg\" alt=\"\" data-id=\"88\" data-full-url=\"https:\/\/www.djdavid.sk\/wp-content\/uploads\/2021\/11\/103751795_124070435987446_242129516420462827_n.jpg\" data-link=\"https:\/\/www.djdavid.sk\/?attachment_id=88\" class=\"wp-image-88\" srcset=\"https:\/\/www.djdavid.sk\/wp-content\/uploads\/2021\/11\/103751795_124070435987446_242129516420462827_n.jpg 1440w, https:\/\/www.djdavid.sk\/wp-content\/uploads\/2021\/11\/103751795_124070435987446_242129516420462827_n-240x300.jpg 240w, https:\/\/www.djdavid.sk\/wp-content\/uploads\/2021\/11\/103751795_124070435987446_242129516420462827_n-819x1024.jpg 819w, https:\/\/www.djdavid.sk\/wp-content\/uploads\/2021\/11\/103751795_124070435987446_242129516420462827_n-768x960.jpg 768w, https:\/\/www.djdavid.sk\/wp-content\/uploads\/2021\/11\/103751795_124070435987446_242129516420462827_n-1229x1536.jpg 1229w\" sizes=\"(max-width: 1440px) 100vw, 1440px\" \/><\/a><\/figure><\/li><li class=\"blocks-gallery-item\"><figure><a href=\"https:\/\/www.djdavid.sk\/wp-content\/uploads\/2021\/11\/104561904_131136065280883_284135969785721126_n.jpg\"><img loading=\"lazy\" width=\"1440\" height=\"960\" src=\"https:\/\/www.djdavid.sk\/wp-content\/uploads\/2021\/11\/104561904_131136065280883_284135969785721126_n.jpg\" alt=\"\" data-id=\"34\" data-full-url=\"https:\/\/www.djdavid.sk\/wp-content\/uploads\/2021\/11\/104561904_131136065280883_284135969785721126_n.jpg\" data-link=\"https:\/\/www.djdavid.sk\/?attachment_id=34\" class=\"wp-image-34\" srcset=\"https:\/\/www.djdavid.sk\/wp-content\/uploads\/2021\/11\/104561904_131136065280883_284135969785721126_n.jpg 1440w, https:\/\/www.djdavid.sk\/wp-content\/uploads\/2021\/11\/104561904_131136065280883_284135969785721126_n-300x200.jpg 300w, https:\/\/www.djdavid.sk\/wp-content\/uploads\/2021\/11\/104561904_131136065280883_284135969785721126_n-1024x683.jpg 1024w, https:\/\/www.djdavid.sk\/wp-content\/uploads\/2021\/11\/104561904_131136065280883_284135969785721126_n-768x512.jpg 768w, https:\/\/www.djdavid.sk\/wp-content\/uploads\/2021\/11\/104561904_131136065280883_284135969785721126_n-930x620.jpg 930w\" sizes=\"(max-width: 1440px) 100vw, 1440px\" \/><\/a><\/figure><\/li><\/ul><\/figure>\n\n\n\n<hr class=\"wp-block-separator has-text-color has-background has-nv-light-bg-background-color has-nv-light-bg-color\"\/>\n\n\n\n<h2 class=\"has-text-align-center\"><br>Te\u0161\u00edm sa na stretnutie s Vami<\/h2>\n\n\n\n<p class=\"has-text-align-center\">Moju pr\u00e1cu vykon\u00e1vam so zmyslom pre detail a preto je nevyhnutn\u00e9 vyhradi\u0165 si \u010das na osobn\u00e9 stretnutie. Na \u0148om si vypo\u010dujem Va\u0161e predstavy a t\u00fa\u017eby. Predstav\u00edm V\u00e1m m\u00f4j syst\u00e9m pr\u00e1ce a navrhnem V\u00e1m mo\u017en\u00e9 rie\u0161enia. <\/p>\n\n\n\n<div class=\"wp-block-buttons alignfull is-content-justification-center\">\n<div class=\"wp-block-button is-style-primary\"><a class=\"wp-block-button__link\" href=\"https:\/\/www.djdavid.sk\/?pagename=contact\">KONTAKTOVA\u0164<\/a><\/div>\n<\/div>\n\n\n\n<ul class=\"wp-block-social-links aligncenter items-justified-center\"><li class=\"wp-social-link wp-social-link-facebook wp-block-social-link\"><a href=\"https:\/\/www.facebook.com\/D\u00c1VID-svadobn\u00fd-a-eventov\u00fd-DJ-103508278043662\" aria-label=\"Facebook: https:\/\/www.facebook.com\/D\u00c1VID-svadobn\u00fd-a-eventov\u00fd-DJ-103508278043662\"  class=\"wp-block-social-link-anchor\"> <svg width=\"24\" height=\"24\" viewBox=\"0 0 24 24\" version=\"1.1\" xmlns=\"http:\/\/www.w3.org\/2000\/svg\" role=\"img\" aria-hidden=\"true\" focusable=\"false\"><path d=\"M12 2C6.5 2 2 6.5 2 12c0 5 3.7 9.1 8.4 9.9v-7H7.9V12h2.5V9.8c0-2.5 1.5-3.9 3.8-3.9 1.1 0 2.2.2 2.2.2v2.5h-1.3c-1.2 0-1.6.8-1.6 1.6V12h2.8l-.4 2.9h-2.3v7C18.3 21.1 22 17 22 12c0-5.5-4.5-10-10-10z\"><\/path><\/svg><\/a><\/li>\n\n<li class=\"wp-social-link wp-social-link-instagram wp-block-social-link\"><a href=\"https:\/\/www.instagram.com\/davidzafka_dj\/\" aria-label=\"Instagram: https:\/\/www.instagram.com\/davidzafka_dj\/\"  class=\"wp-block-social-link-anchor\"> <svg width=\"24\" height=\"24\" viewBox=\"0 0 24 24\" version=\"1.1\" xmlns=\"http:\/\/www.w3.org\/2000\/svg\" role=\"img\" aria-hidden=\"true\" focusable=\"false\"><path d=\"M12,4.622c2.403,0,2.688,0.009,3.637,0.052c0.877,0.04,1.354,0.187,1.671,0.31c0.42,0.163,0.72,0.358,1.035,0.673 c0.315,0.315,0.51,0.615,0.673,1.035c0.123,0.317,0.27,0.794,0.31,1.671c0.043,0.949,0.052,1.234,0.052,3.637 s-0.009,2.688-0.052,3.637c-0.04,0.877-0.187,1.354-0.31,1.671c-0.163,0.42-0.358,0.72-0.673,1.035 c-0.315,0.315-0.615,0.51-1.035,0.673c-0.317,0.123-0.794,0.27-1.671,0.31c-0.949,0.043-1.233,0.052-3.637,0.052 s-2.688-0.009-3.637-0.052c-0.877-0.04-1.354-0.187-1.671-0.31c-0.42-0.163-0.72-0.358-1.035-0.673 c-0.315-0.315-0.51-0.615-0.673-1.035c-0.123-0.317-0.27-0.794-0.31-1.671C4.631,14.688,4.622,14.403,4.622,12 s0.009-2.688,0.052-3.637c0.04-0.877,0.187-1.354,0.31-1.671c0.163-0.42,0.358-0.72,0.673-1.035 c0.315-0.315,0.615-0.51,1.035-0.673c0.317-0.123,0.794-0.27,1.671-0.31C9.312,4.631,9.597,4.622,12,4.622 M12,3 C9.556,3,9.249,3.01,8.289,3.054C7.331,3.098,6.677,3.25,6.105,3.472C5.513,3.702,5.011,4.01,4.511,4.511 c-0.5,0.5-0.808,1.002-1.038,1.594C3.25,6.677,3.098,7.331,3.054,8.289C3.01,9.249,3,9.556,3,12c0,2.444,0.01,2.751,0.054,3.711 c0.044,0.958,0.196,1.612,0.418,2.185c0.23,0.592,0.538,1.094,1.038,1.594c0.5,0.5,1.002,0.808,1.594,1.038 c0.572,0.222,1.227,0.375,2.185,0.418C9.249,20.99,9.556,21,12,21s2.751-0.01,3.711-0.054c0.958-0.044,1.612-0.196,2.185-0.418 c0.592-0.23,1.094-0.538,1.594-1.038c0.5-0.5,0.808-1.002,1.038-1.594c0.222-0.572,0.375-1.227,0.418-2.185 C20.99,14.751,21,14.444,21,12s-0.01-2.751-0.054-3.711c-0.044-0.958-0.196-1.612-0.418-2.185c-0.23-0.592-0.538-1.094-1.038-1.594 c-0.5-0.5-1.002-0.808-1.594-1.038c-0.572-0.222-1.227-0.375-2.185-0.418C14.751,3.01,14.444,3,12,3L12,3z M12,7.378 c-2.552,0-4.622,2.069-4.622,4.622S9.448,16.622,12,16.622s4.622-2.069,4.622-4.622S14.552,7.378,12,7.378z M12,15 c-1.657,0-3-1.343-3-3s1.343-3,3-3s3,1.343,3,3S13.657,15,12,15z M16.804,6.116c-0.596,0-1.08,0.484-1.08,1.08 s0.484,1.08,1.08,1.08c0.596,0,1.08-0.484,1.08-1.08S17.401,6.116,16.804,6.116z\"><\/path><\/svg><\/a><\/li><\/ul>\n\n\n\n<p><\/p>\n\n\n\n<p><\/p>\n\n\n\n<p><\/p>\n\n\n\n<p><\/p>\n","protected":false},"excerpt":{"rendered":"<p>Pevn\u00e9 ceny Nemus\u00edte sa ob\u00e1va\u0165 dodato\u010dn\u00fdch pr\u00edplatkov za nedohodnut\u00e9 z\u00e1le\u017eitosti. Tu ide o V\u00e1s Nikdy neupozor\u0148ujem na m\u00f4j v\u00fdkon.V\u0161etku pozorno\u0165 nech\u00e1vam V\u00e1m. V\u017edy na \u010das Ke\u010f pr\u00eddete do s\u00e1ly, v\u0161etko bude nachystan\u00e9 pod\u013ea na\u0161ej dohody. Ste pripraven\u00ed na Va\u0161u kr\u00e1snu oslavu? Len si to predstavte: Tane\u010dn\u00e9 hity bud\u00fa znie\u0165 z profesion\u00e1lnych reproduktorov. Zvuk bude prisp\u00f4soben\u00fd&hellip;&nbsp;<a href=\"https:\/\/www.djdavid.sk\/\" class=\"\" rel=\"bookmark\">\u010c\u00edta\u0165 viac &raquo;<span class=\"screen-reader-text\">Home<\/span><\/a><\/p>\n","protected":false},"author":1,"featured_media":0,"parent":0,"menu_order":0,"comment_status":"closed","ping_status":"closed","template":"","meta":{"_monsterinsights_skip_tracking":false,"_monsterinsights_sitenote_active":false,"_monsterinsights_sitenote_note":"","_monsterinsights_sitenote_category":0,"neve_meta_sidebar":"","neve_meta_container":"","neve_meta_enable_content_width":"on","neve_meta_content_width":100,"neve_meta_title_alignment":"","neve_meta_author_avatar":"","neve_post_elements_order":"","neve_meta_disable_header":"","neve_meta_disable_footer":"","neve_meta_disable_title":"on"},"yoast_head":"<!-- This site is optimized with the Yoast SEO plugin v17.5 - https:\/\/yoast.com\/wordpress\/plugins\/seo\/ -->\n<title>Home - DJ D\u00c1VID<\/title>\n<meta name=\"robots\" content=\"index, follow, max-snippet:-1, max-image-preview:large, max-video-preview:-1\" \/>\n<link rel=\"canonical\" href=\"https:\/\/www.djdavid.sk\/\" \/>\n<meta property=\"og:locale\" content=\"sk_SK\" \/>\n<meta property=\"og:type\" content=\"article\" \/>\n<meta property=\"og:title\" content=\"Home - DJ D\u00c1VID\" \/>\n<meta property=\"og:description\" content=\"Pevn\u00e9 ceny Nemus\u00edte sa ob\u00e1va\u0165 dodato\u010dn\u00fdch pr\u00edplatkov za nedohodnut\u00e9 z\u00e1le\u017eitosti. Tu ide o V\u00e1s Nikdy neupozor\u0148ujem na m\u00f4j v\u00fdkon.V\u0161etku pozorno\u0165 nech\u00e1vam V\u00e1m. V\u017edy na \u010das Ke\u010f pr\u00eddete do s\u00e1ly, v\u0161etko bude nachystan\u00e9 pod\u013ea na\u0161ej dohody. Ste pripraven\u00ed na Va\u0161u kr\u00e1snu oslavu? Len si to predstavte: Tane\u010dn\u00e9 hity bud\u00fa znie\u0165 z profesion\u00e1lnych reproduktorov. Zvuk bude prisp\u00f4soben\u00fd&hellip;&nbsp;\u010c\u00edta\u0165 viac &raquo;Home\" \/>\n<meta property=\"og:url\" content=\"https:\/\/www.djdavid.sk\/\" \/>\n<meta property=\"og:site_name\" content=\"DJ D\u00c1VID\" \/>\n<meta property=\"article:modified_time\" content=\"2022-01-03T09:22:50+00:00\" \/>\n<meta property=\"og:image\" content=\"https:\/\/www.djdavid.sk\/wp-content\/uploads\/2021\/11\/pexels-emma-bauso-2253870-scaled.jpg\" \/>\n<meta name=\"twitter:card\" content=\"summary_large_image\" \/>\n<meta name=\"twitter:label1\" content=\"Predpokladan\u00fd \u010das \u010d\u00edtania\" \/>\n\t<meta name=\"twitter:data1\" content=\"3 min\u00faty\" \/>\n<script type=\"application\/ld+json\" class=\"yoast-schema-graph\">{\"@context\":\"https:\/\/schema.org\",\"@graph\":[{\"@type\":\"WebSite\",\"@id\":\"https:\/\/www.djdavid.sk\/#website\",\"url\":\"https:\/\/www.djdavid.sk\/\",\"name\":\"DJ D\\u00c1VID\",\"description\":\"DJ DAVID - Svadobn\\u00fd a eventov\\u00fd DJ\",\"potentialAction\":[{\"@type\":\"SearchAction\",\"target\":{\"@type\":\"EntryPoint\",\"urlTemplate\":\"https:\/\/www.djdavid.sk\/?s={search_term_string}\"},\"query-input\":\"required name=search_term_string\"}],\"inLanguage\":\"sk-SK\"},{\"@type\":\"ImageObject\",\"@id\":\"https:\/\/www.djdavid.sk\/#primaryimage\",\"inLanguage\":\"sk-SK\",\"url\":\"https:\/\/www.djdavid.sk\/wp-content\/uploads\/2021\/11\/pexels-emma-bauso-2253870-scaled.jpg\",\"contentUrl\":\"https:\/\/www.djdavid.sk\/wp-content\/uploads\/2021\/11\/pexels-emma-bauso-2253870-scaled.jpg\",\"width\":2560,\"height\":1709},{\"@type\":\"WebPage\",\"@id\":\"https:\/\/www.djdavid.sk\/#webpage\",\"url\":\"https:\/\/www.djdavid.sk\/\",\"name\":\"Home - DJ D\\u00c1VID\",\"isPartOf\":{\"@id\":\"https:\/\/www.djdavid.sk\/#website\"},\"primaryImageOfPage\":{\"@id\":\"https:\/\/www.djdavid.sk\/#primaryimage\"},\"datePublished\":\"2021-11-10T18:40:26+00:00\",\"dateModified\":\"2022-01-03T09:22:50+00:00\",\"breadcrumb\":{\"@id\":\"https:\/\/www.djdavid.sk\/#breadcrumb\"},\"inLanguage\":\"sk-SK\",\"potentialAction\":[{\"@type\":\"ReadAction\",\"target\":[\"https:\/\/www.djdavid.sk\/\"]}]},{\"@type\":\"BreadcrumbList\",\"@id\":\"https:\/\/www.djdavid.sk\/#breadcrumb\",\"itemListElement\":[{\"@type\":\"ListItem\",\"position\":1,\"name\":\"Home\",\"item\":\"https:\/\/www.djdavid.sk\/\"},{\"@type\":\"ListItem\",\"position\":2,\"name\":\"Home\"}]}]}<\/script>\n<!-- \/ Yoast SEO plugin. -->","yoast_head_json":{"title":"Home - DJ D\u00c1VID","robots":{"index":"index","follow":"follow","max-snippet":"max-snippet:-1","max-image-preview":"max-image-preview:large","max-video-preview":"max-video-preview:-1"},"canonical":"https:\/\/www.djdavid.sk\/","og_locale":"sk_SK","og_type":"article","og_title":"Home - DJ D\u00c1VID","og_description":"Pevn\u00e9 ceny Nemus\u00edte sa ob\u00e1va\u0165 dodato\u010dn\u00fdch pr\u00edplatkov za nedohodnut\u00e9 z\u00e1le\u017eitosti. Tu ide o V\u00e1s Nikdy neupozor\u0148ujem na m\u00f4j v\u00fdkon.V\u0161etku pozorno\u0165 nech\u00e1vam V\u00e1m. V\u017edy na \u010das Ke\u010f pr\u00eddete do s\u00e1ly, v\u0161etko bude nachystan\u00e9 pod\u013ea na\u0161ej dohody. Ste pripraven\u00ed na Va\u0161u kr\u00e1snu oslavu? Len si to predstavte: Tane\u010dn\u00e9 hity bud\u00fa znie\u0165 z profesion\u00e1lnych reproduktorov. Zvuk bude prisp\u00f4soben\u00fd&hellip;&nbsp;\u010c\u00edta\u0165 viac &raquo;Home","og_url":"https:\/\/www.djdavid.sk\/","og_site_name":"DJ D\u00c1VID","article_modified_time":"2022-01-03T09:22:50+00:00","og_image":[{"url":"https:\/\/www.djdavid.sk\/wp-content\/uploads\/2021\/11\/pexels-emma-bauso-2253870-scaled.jpg"}],"twitter_card":"summary_large_image","twitter_misc":{"Predpokladan\u00fd \u010das \u010d\u00edtania":"3 min\u00faty"},"schema":{"@context":"https:\/\/schema.org","@graph":[{"@type":"WebSite","@id":"https:\/\/www.djdavid.sk\/#website","url":"https:\/\/www.djdavid.sk\/","name":"DJ D\u00c1VID","description":"DJ DAVID - Svadobn\u00fd a eventov\u00fd DJ","potentialAction":[{"@type":"SearchAction","target":{"@type":"EntryPoint","urlTemplate":"https:\/\/www.djdavid.sk\/?s={search_term_string}"},"query-input":"required name=search_term_string"}],"inLanguage":"sk-SK"},{"@type":"ImageObject","@id":"https:\/\/www.djdavid.sk\/#primaryimage","inLanguage":"sk-SK","url":"https:\/\/www.djdavid.sk\/wp-content\/uploads\/2021\/11\/pexels-emma-bauso-2253870-scaled.jpg","contentUrl":"https:\/\/www.djdavid.sk\/wp-content\/uploads\/2021\/11\/pexels-emma-bauso-2253870-scaled.jpg","width":2560,"height":1709},{"@type":"WebPage","@id":"https:\/\/www.djdavid.sk\/#webpage","url":"https:\/\/www.djdavid.sk\/","name":"Home - DJ D\u00c1VID","isPartOf":{"@id":"https:\/\/www.djdavid.sk\/#website"},"primaryImageOfPage":{"@id":"https:\/\/www.djdavid.sk\/#primaryimage"},"datePublished":"2021-11-10T18:40:26+00:00","dateModified":"2022-01-03T09:22:50+00:00","breadcrumb":{"@id":"https:\/\/www.djdavid.sk\/#breadcrumb"},"inLanguage":"sk-SK","potentialAction":[{"@type":"ReadAction","target":["https:\/\/www.djdavid.sk\/"]}]},{"@type":"BreadcrumbList","@id":"https:\/\/www.djdavid.sk\/#breadcrumb","itemListElement":[{"@type":"ListItem","position":1,"name":"Home","item":"https:\/\/www.djdavid.sk\/"},{"@type":"ListItem","position":2,"name":"Home"}]}]}},"_links":{"self":[{"href":"https:\/\/www.djdavid.sk\/index.php?rest_route=\/wp\/v2\/pages\/7"}],"collection":[{"href":"https:\/\/www.djdavid.sk\/index.php?rest_route=\/wp\/v2\/pages"}],"about":[{"href":"https:\/\/www.djdavid.sk\/index.php?rest_route=\/wp\/v2\/types\/page"}],"author":[{"embeddable":true,"href":"https:\/\/www.djdavid.sk\/index.php?rest_route=\/wp\/v2\/users\/1"}],"replies":[{"embeddable":true,"href":"https:\/\/www.djdavid.sk\/index.php?rest_route=%2Fwp%2Fv2%2Fcomments&post=7"}],"version-history":[{"count":5,"href":"https:\/\/www.djdavid.sk\/index.php?rest_route=\/wp\/v2\/pages\/7\/revisions"}],"predecessor-version":[{"id":215,"href":"https:\/\/www.djdavid.sk\/index.php?rest_route=\/wp\/v2\/pages\/7\/revisions\/215"}],"wp:attachment":[{"href":"https:\/\/www.djdavid.sk\/index.php?rest_route=%2Fwp%2Fv2%2Fmedia&parent=7"}],"curies":[{"name":"wp","href":"https:\/\/api.w.org\/{rel}","templated":true}]}}